0 + p**5/60 - p**4/8 - 2*p**3/3 - 8*p - 26. Let l(o) be the third derivative of w(o). Give l(x).
5
Suppose 3*u - 13 = -u + 5*t, 4*u - 3 = -5*t. Suppose -15 = -u*o - 11. Let i be (3*(1 + 0))/1 + o. Let q(p) = -p**3 + 5*p**2 + 2*p + 5. Give q(i).
15
Let b(q) = -4*q**2 + 2. Suppose 5*m - 10 = -0*m, 3*v + m = -73. Suppose 5*f + 5 = -l, -2*l + f + 19 = -4*l. Let w be (l/v)/(0 + 2/10). Calculate b(w).
-14
Let u(v) = 6 + v**3 + 22*v - 8*v**2 + 2*v**2 - 20*v. Let c = -848 - -851. Determine u(c).
-15
Let i(g) = -3*g**3 + g - 3. Let w(k) = -17*k**3 + 5*k**2 + 9*k - 24. Let m(a) = -6*i(a) + w(a). What is m(-3)?
3
Let q(r) be the second derivative of 0*r**2 + 22*r - 5/4*r**4 + 1/240*r**6 + 0*r**3 + 0 - 1/24*r**5. Let c(j) be the third derivative of q(j). Give c(4).
7
Let h(l) be the third derivative of -l**6/24 - l**5/60 + 8*l**2 - 2*l. Let y = 84 + -85. Calculate h(y).
4
Let r(u) be the first derivative of u**2 + 40*u + 6608. Determine r(-30).
-20
Let v(u) = 19*u - 1. Suppose 8 = -i - 2*f, 135*f = 3*i + 132*f - 30. Give v(i).
75
Let b(u) = 2*u**3 - 22*u**2 + 18*u + 10. Let y = 21273 - 21263. Determine b(y).
-10
Let l be 205/30 + (-2)/(-12) + -5. Let h(u) = -3*u + 7*u**2 - 6*u**2 - l*u**2 + 3*u**2 - 3*u**2 - 3. What is h(-3)?
-3
Let j(b) = -6*b + 23. Let l(k) = 15*k - 46. Let c(r) = 11*j(r) + 5*l(r). Give c(-3).
-4
Suppose 3*m + 7 = 2*z, 2*m = -z - 0*z + 7. Let h(v) = v + v + 5*v + 2*v + m. Determine h(-1).
-8
Let v(k) = 5*k**2 - 15*k + 6. Let s be (-2)/80*-10 + (-26)/8. Let x(z) = 9*z**2 - 29*z + 11. Let l(u) = s*x(u) + 5*v(u). Give l(5).
7
Let v(b) = 5*b + 7199 - 2401 - 2402 - 2396. Suppose 0 = 2*c + 5*s - 3*s - 14, -c + s + 1 = 0. Suppose -4*t = 3*j - j - 22, 2*j + 2 = c*t. Calculate v(t).
15
Let x(l) = 4*l - 3. Let n be x(0). Suppose -2*p - i - i = 0, -3*p = 5*i. Let j(r) = 1 - r - 3 - r**2 + p*r**2 + 3. Give j(n).
-5
Let t(n) = -32 + 8*n + 31 - 2*n. Let d(m) = -5*m - 16. Let o be d(4). Let w be (o/8 - -4)*2. Give t(w).
-7
Let c(x) = x**3 - 7*x**2 + x - 1. Let s = 2567 - 2560. Determine c(s).
6
Let x(f) = -6*f + 131. Let r(o) = -2*o + 53. Let m(a) = 12*r(a) - 5*x(a). Determine m(-12).
-91
Let n(r) = 7*r + 16. Let p = -35 - -33. Let z be n(p). Let j(k) = -4*k + 1. What is j(z)?
-7
Let s(v) = v**2 + 31*v + 223. Let k be s(-12). Let w(h) = 6*h + 8. Calculate w(k).
-22
Suppose -3*n + 9*q - 12*q - 3 = 0, 8 = -2*q. Let b be -3 - n/9*0. Let z(h) = h**2 + 3*h + 4. What is z(b)?
4
Let w be (-3)/(-6)*(-1748)/(-19). Let b(r) = r**3 - 45*r**2 - 45*r - 47. Determine b(w).
-1
Let l be (6/8)/(14/112). Suppose -2*j = -l*j + 8. Let i(h) = -h**3 - 8*h**2 + h - h + 9*h**j. What is i(1)?
0
Let n(h) = 4*h - 37. Suppose 36*j + 14 = m + 35*j, 3*m - 4*j - 37 = 0. Calculate n(m).
39
Suppose -4*n = -3*n. Let l(w) be the third derivative of -w**5/120 - 11*w**4/24 - 115*w**3/2 + 360*w**2. Let d(p) be the first derivative of l(p). What is d(n)?
-11
Let x = 326236 + -326235. Let v(g) = -21*g**3 - 5*g**2 + 7*g - 1. Let q(o) = o**3 + o**2 - o. Let f(p) = 5*q(p) + v(p). Calculate f(x).
-15
Let l = 437 - 381. Suppose -2*h + 5 + 23 = 0. Let s be ((-48)/l)/((-2)/h). Let p(m) = -m**3 + 6*m**2 + m - 3. Calculate p(s).
3
Let w(k) = 2*k**2 - 4*k + 1. Let m(f) = 2*f**2 - 3*f. Let o(y) = 4*m(y) - 3*w(y). Let t be (10/(-8))/(2565/(-108) + 24). What is o(t)?
47
Let y(i) be the first derivative of 9*i - 1/4*i**4 - 8 - 1/6*i**3 - 1/2*i**2. Let q(a) be the first derivative of y(a). Calculate q(-1).
-3
Let n be (-8)/(-20) - (-6)/(-15). Let r be (-12)/60 - (n + (-2)/10). Let k(t) = 5*t. Let b be k(r). Let h(z) = -z**3 + z**2 + 4. Calculate h(b).
4
Let o(d) = 2*d**3 - 53*d**2 - 26*d - 28. Let s = -11474 - -11501. What is o(s)?
-1
Let d(f) = f**3 + 12*f**2 + 3*f - 5. Let y be d(-9). Suppose 4*n + y = -0*j - 5*j, -5*j + n = 216. Let u = -40 - j. Let t(g) = -g**2 + 2*g + 2. What is t(u)?
-1
Let h(j) be the third derivative of 5*j**4/24 - j**3/6 - 39*j**2. Suppose 2*g - 8 + 0 = 0. Suppose -10 = 2*p - 2*f, g*f = -p - 6 + 16. Give h(p).
-11
Let t be (-3)/2*128/(-24). Let b(n) = -n**3 + 8*n - 6*n**2 + n + t*n - 8 - 11*n. Give b(-7).
-1
Let o(k) = k**2 - 8*k + 4. Let j(b) = -12 - 9*b**2 - 9*b**2 + 4*b**2 + 24*b + 11*b**2. Let c(l) = -3*j(l) - 8*o(l). Determine c(6).
-8
Let o = 19 - 6. Suppose -5*c - 2*a + 238 = -66, -184 = -3*c - 2*a. Suppose c = -b + o*b. Let w(n) = -n**2 + 5*n + 4. Give w(b).
4
Let v(x) be the first derivative of x**4/4 - 3*x**3 - 11*x**2/2 + 11*x - 4. Suppose -5*t - 4 = -54. Let m be v(t). Let p(g) = -13*g**2 + g - 1. What is p(m)?
-13
Let n(i) be the first derivative of 2*i**3/3 - i**2/2 - 17*i + 1946. Calculate n(-4).
19
Let c(y) = 14 + 14 - 29 + 4*y. Suppose -i = 3*w - 6, -2*i = 3*w - w. Calculate c(w).
11
Let r(k) = 16*k - 7. Let x(f) = f**2 - 38*f + 362. Let p be x(20). What is r(p)?
25
Let u(g) = -71*g + 8018. Let b be u(113). Let o(k) = -12*k - 68. Calculate o(b).
-8
Let z = 3632 + -3612. Let j(d) = d**2 - 21*d + 8. Calculate j(z).
-12
Suppose 15 = -5*g, 4*x - 10 = g + 9. Let i(c) = -1 + 6 + c - 1 + x*c. Let v be (-26)/22 + 1 - (-2790)/(-990). Give i(v).
-11
Let t(b) = b**3 - 5*b**2 - 4*b - 6. Suppose -2*x + 1 = -f, x + x + 17 = 3*f. Suppose f*d + 6 = 10*d. Give t(d).
6
Let q(r) = -r**3 - 8*r**2 - 3*r - 17. Let v be q(-8). Let k(t) = 7*t - 1. Let f(y) = -24*y + 17. Let u(j) = f(j) + 3*k(j). Give u(v).
-7
Let o(i) = -19*i + 23. Let d(x) = 35*x - 43. Let f(v) = -6*d(v) - 11*o(v). Let g be -1*5*2/5. Let u = g - -7. Determine f(u).
0
Let q(o) be the second derivative of -o**5/20 - o**4/2 - o**3/6 - 2*o**2 - 14*o + 27. Calculate q(-6).
2
Let y(b) be the first derivative of -b**3/3 - 6*b**2 + 6*b - 87187. Let k(l) = 4*l + 4. Let d be k(-3). What is y(d)?
38
Let g(n) = -15*n + 21. Let a(k) = -649*k + 8435. Let o be a(13). Calculate g(o).
51
Let x(w) = -456*w**2 - 64*w - 435*w**2 + w**3 - 5 - 448*w**2 - 437*w**2 + 1807*w**2. Calculate x(-33).
-71
Let j(v) be the first derivative of 11*v**2 - 17*v + 13. Let a be j(1). Let h(s) = s - 8. Give h(a).
-3
Let o(y) = -4*y**3 - 5*y**2 - 3*y - 5. Let h be 68/4 - (-12 + 24). Let j(q) = -q**3 + 0*q**3 - 1 + 0*q**3 - q. Let c(v) = h*j(v) - o(v). Determine c(3).
12
Let c(d) be the second derivative of -d**5/20 + d**4/2 - d**3 - d**2/2 - 122*d. Let i(m) = -m**2 + 42. Let r be i(6). Give c(r).
-37
Let t(g) be the first derivative of g**4/2 - 20*g**3/3 - 9*g**2/2 - 4*g - 4422. Give t(10).
-94
Let m = 178 - 173. Let w(h) = 2*h**2 + 2*h - 1. Let t(z) = 3*z**2 + z - 1. Let j(y) = m*w(y) - 4*t(y). What is j(4)?
-9
Let a(x) = -x**2 - 2*x. Let d be a(-2). Suppose 49*y - 52*y + 6 = d. Let z be ((6 + 2)/(-4))/y. Let h(t) = -20*t + 1. Determine h(z).
21
Let a(w) = 1 - 4 - 520*w**3 - 30*w + 519*w**3 - 4*w**2 - 2*w**2 - 7*w**2. Calculate a(-10).
-3
Let b(c) be the second derivative of -c**5/120 + 2*c**4/3 - c**3/6 + 91*c**2/2 - 74*c. Let u(a) be the second derivative of b(a). What is u(7)?
9
Let r(d) = d**2 + 4. Suppose 50*v - 55*v + 40 = 0. Suppose o - 2 = -2*q, -v*q + 3*q - 4 = -2*o. Give r(q).
4
Suppose 45 = -5*w + 20*w. Let d(g) = g**3 + 1327*g**2 - 5*g**3 - 6 + w*g**3 + 12*g - 1316*g**2. Determine d(12).
-6
Let f(u) be the second derivative of u**5/20 - 13*u**4/12 - 11*u**3/2 + 9*u**2 + 293*u. Give f(15).
-27
Let a(f) = -8 - 13 + 14*f + f**3 - 12*f**2 + 49 - 16. Give a(10).
-48
Let i(m) = -7*m + 4*m**3 - 5*m**3 + 30*m**2 - 21*m**2 - 2. Calculate i(8).
6
Let m(i) = -i + 5. Suppose -5*a - w = 209, 0 = -2*a - 2*a - 4*w - 180. Let k = -226 + 185. Let p = a - k. Calculate m(p).
5
Let n be (-55 - 1)*(4 + (-54)/12). Let w be 4/n*(-28)/(-8)*10. Let m(g) = 2*g. Calculate m(w).
10
Let z(x) = 106*x - 841. Let v be z(8). Let q(k) = 17*k - 129. Calculate q(v).
-10
Let d(b) = -b + 20. Let v be (-4 - -4)/(25/5). Suppose v = 46*x - 59*x + 182. Give d(x).
6
Suppose 179*g - 180*g + 2*j = 31, 0 = 5*g + j + 67. Let m(x) = -2*x**3 - 29*x**2 + 8*x - 97. What is m(g)?
8
Let u(g) be the second derivative of -2*g**5/5 + g**4/12 + g**3 + 2*g**2 + 11*g - 48. What is u(-1)?
7
Let b = -1 - -1. Let x be -18 + (-2667)/(-147) - (-86)/(-14). Let g be ((b - 3)*1)/(x/14). Let o(d) = -d - 2. Calculate o(g).
-9
Let p(r) be the third derivative of r**4/24 - 3*r**3/2 + 107*r**2. Suppose -5*i - 5*o = -60, -i - o + 28 = 4*o. Suppose 2 = 2*x, 3*s - 8 = -x + i. Give p(s).
-4
Let f(o) = -43*o + 10399